.
13
Let q(o) = o**3 - 7*o**2 - 10*o + 16. Let l be q(8). Suppose l = 4*r - 2 - 6. Suppose -4 = -5*x + 6. What is the remainder when x is divided by r?
0
Suppose -4*a = -2*l + a + 31, -3 = a. Calculate the remainder when 71 is divided by l.
7
Suppose 0 = -4*m + 10 + 2. What is the remainder when 50 is divided by (-17)/(3*(-1)/m)?
16
Let j = 15 - 3. Suppose 4*d + j = -0*d. Calculate the remainder when (2/(-4))/(d/396) is divided by 17.
15
Let u be -5 + 1 - (81 - 1). Let j = 162 + u. What is the remainder when j is divided by 21?
15
Let d(k) be the first derivative of 3*k**4/4 - 2*k**3/3 - 2*k + 3. Let p be d(2). Calculate the remainder when 38/p - 2/(-7) is divided by 3.
0
Suppose -p + 0 + 4 = 0, 5*m - 4*p = 54. Calculate the remainder when (-17)/34 - 1482/(-12) is divided by m.
11
Suppose -6*q = -122 - 10. Let z = -15 - -21. What is the remainder when q is divided by z?
4
Let k = 75 - 41. Suppose -3*r = -2*r + 75. What is the remainder when k is divided by ((-24)/20)/(10/r)?
7
Let h = -20 - -31. Suppose -2*w + 60 = -0*w + 4*f, -80 = -5*w + 4*f. Calculate the remainder when w is divided by h.
9
Let t(z) = 2*z**2 - 12*z - 19. Calculate the remainder when t(11) is divided by 80.
11
Let r be (-5 - (-7 + -1)) + 0 + 0. Suppose 74 = 4*o - 5*k, -k = -3*o + r*k + 56. Calculate the remainder when o is divided by 7.
2
What is the remainder when 697 is divided by 0 - (-4)/(-18) - 148/(-18)?
1
Let a(v) = -12*v - 2. Let p be a(-3). Suppose -p = 4*s - 126. What is the remainder when 41 is divided by s?
18
Let w(m) = -5 - 396*m + 21 + 14 + 400*m. Let i = 49 - 34. Calculate the remainder when w(7) is divided by i.
13
Suppose 2*k + 3*o = 5*o + 12, 4*k - o = 30. Suppose -4*b - 44 - 84 = 0. Let f = -1 - b. What is the remainder when f is divided by k?
7
What is the remainder when 102 is divided by ((-201)/(-21) - 1)/(74/259)?
12
Suppose -17*l + 19 + 66 = 0. Calculate the remainder when 228 is divided by l.
3
Let a = 528 + -273. Calculate the remainder when a is divided by 16.
15
Let n(y) = y**2 + 5*y + 4. Let j be n(-4). Let z(c) be the first derivative of -c**4/4 + c**3/3 + 7*c - 58. Calculate the remainder when 13 is divided by z(j).
6
Let u(g) = 2*g**2 - 2*g - 14. Suppose -2*h + 0*h = -34. Calculate the remainder when h is divided by u(-3).
7
Let g be -1 + (-3 - (-1 + -1)*3). Let r be (-34)/(-10) + (-4)/10. Suppose i = g + r. Calculate the remainder when 8 is divided by i.
3
Let u(a) = 14*a**2 + a - 1. Suppose -v - 4185 = -28*v. Calculate the remainder when v is divided by u(-2).
49
Let t(h) = -h**3 - 9*h**2 + 17*h + 6. Calculate the remainder when t(-11) is divided by 36.
25
Let v = -3 - 0. Calculate the remainder when 102 is divided by -42*(v + 8)/(-10).
18
Let w be (-3080)/91 - 2/13. Suppose -4*r - 120 = 92. Let g = w - r. Calculate the remainder when g is divided by 7.
5
Let o = 1523 + -1496. What is the remainder when 122 is divided by o?
14
Let y = -1828 - -1865. Calculate the remainder when 188 is divided by y.
3
Let r(u) = 17*u. Let t(b) = b**2 + 5*b + 3. What is the remainder when r(1) is divided by t(-6)?
8
Suppose 0*m = -2*m + 10. Suppose -19 = -f + 2*u, 9*f - m*f - 64 = 2*u. Let o(a) = a**3 - 5*a**2 + 2*a - 4. Calculate the remainder when o(6) is divided by f.
14
Let q = -66 - -114. What is the remainder when 18/4*-30*q/(-40) is divided by 15?
12
Let j = 167 - 55. Let m(q) = -q**2 - 24*q - 90. Calculate the remainder when j is divided by m(-8).
36
Suppose -6*k - 147 = -21. Let w = -19 - k. Let p(j) = -2*j - 2. Calculate the remainder when p(-3) is divided by w.
0
Let k = 21 + 16. Let b = 3144 - 3134. Calculate the remainder when k is divided by b.
7
Let r be (4/5)/((-12)/(-150)). Let d = r + -7. Suppose a + d = 68. Calculate the remainder when a is divided by 17.
14
What is the remainder when ((-469)/(-21))/((-3)/(-36)) is divided by 90?
88
Suppose 0 = 33*m - 1435 - 1403. Calculate the remainder when 162 is divided by m.
76
Suppose o + 7 = 3*o - 3*u, u = 3*o - 14. Suppose 33 = o*w - 47. Calculate the remainder when 29 is divided by w.
13
Suppose -4*f + 182 = 3*w - 6*w, 4*f - 166 = -5*w. What is the remainder when f is divided by -9*-2*(-2)/(-4)?
8
Let g = 6 - 6. Let p = 2 + g. Suppose -p*d + 2*s = -2*s - 74, 144 = 4*d - 4*s. What is the remainder when d is divided by 12?
11
Let j = -33 + 48. Let s(m) = -m**2 - 5*m - 4. Let z be s(-1). Suppose -5*o = -i + 42, z = 31*i - 35*i + o + 168. Calculate the remainder when i is divided by j.
12
Suppose 2*g + 1 = n + 5, 4*g = -2*n + 24. What is the remainder when 14 is divided by g?
2
Let q(l) = 10*l**2 + 2*l - 2. Let w be q(-2). Suppose 3*j + 0*j = 3*i + 66, -5*i = -j + w. Calculate the remainder when 86 is divided by j.
10
Let c be 21/(-35) + (-42)/5. Let m(z) = z**3 + 8*z**2 - 10*z - 1. Let r be m(c). Suppose r*y = 3*y + 110. What is the remainder when 85 is divided by y?
19
Suppose -3*m = -15, -4*w = -4*m - 122 - 114. Calculate the remainder when 193 is divided by w.
1
Let a = 14 - -2. Let u be (3/(-6)*-4)/(2/3). Suppose s - 27 = -5*q, 2*q - 4*s + u = 27. What is the remainder when a is divided by q?
4
Let c(r) = -19*r. Let i be c(-4). Suppose 3*q - 7*q = i. Let j = -11 - q. What is the remainder when 15 is divided by j?
7
Suppose 2*g + 10 = 28. Let x(m) = -m**3 - 3*m**2 + 41*m + 112. Calculate the remainder when x(-7) is divided by 48/g*6/4.
5
Suppose -3*i - i + 4 = 0. Let k(u) = 11*u + 6. Calculate the remainder when k(0) is divided by i.
0
Suppose 0 = -2*x - v + 378, -4*x + x + 2*v + 560 = 0. Calculate the remainder when x is divided by 24.
20
Let z = -613 - -982. Calculate the remainder when z is divided by 31.
28
Let h be (-2)/6 - (-21)/9. Let o(x) = -14*x + 136. Calculate the remainder when o(9) is divided by (1 + -2*h)/(-1).
1
Calculate the remainder when (-15)/6 - 762/(-12) is divided by 24.
13
Suppose 1043 = 6*g + 395. Calculate the remainder when g is divided by 37.
34
Suppose 3*n - 4*n = -a - 14, -n + 3*a = -14. Suppose -5*b = -z + 33, -z - 2*b = -2*z + 45. Suppose -1 = -p + z. What is the remainder when p is divided by n?
12
Let i = 1 + 1. Suppose -i*v = -4*s - 34, -3*v - s = -0*s - 30. Let z(p) = p**3 - 10*p**2 - 9*p - 8. Calculate the remainder when 41 is divided by z(v).
13
Let k(j) = j**3 + 12*j**2 + 11*j + 10. Suppose 5*v + 67 = -3*i, i + 4 + 0 = 0. What is the remainder when 29 is divided by k(v)?
9
Let t(s) = -27*s + 1. What is the remainder when t(-2) is divided by (2 + -4 - 1)*784/(-84)?
27
Let v = 368 + -333. Calculate the remainder when 277 is divided by v.
32
Let u(v) = 2*v - 8. Let h be u(6). Suppose -h*i = -178 - 74. Calculate the remainder when i is divided by 16/(-6)*(-1 - 5).
15
Let p = 1902 + -1892. Let b = 55 + -28. Calculate the remainder when b is divided by p.
7
Let v(w) = w**3 + 7*w**2 + 3*w + 4. Let d be v(-4). Suppose 0 = 6*c - 136 + d. What is the remainder when c is divided by 10?
6
Suppose t + c - 225 = 0, -5*t + 1118 - 2 = -4*c. Calculate the remainder when t is divided by 75.
74
Calculate the remainder when 0 - (-29 + (2 - 2)) is divided by 3 + -17 + 16 + 12.
1
Suppose -g + 0*g - 137 = -5*a, -2*g = 4. Suppose -q - 14 = -2*q - 4*p, 4*q - 56 = -5*p. What is the remainder when a is divided by q?
13
Let p be (-1)/((-3)/((-456)/(-2))). Suppose -6 + p = 2*l. Suppose 3*j = -4*m + 5*j + 66, -2*m - j + l = 0. What is the remainder when m is divided by 6?
5
Suppose l - 4*k = 4*l - 245, -3*l + 220 = -k. What is the remainder when l is divided by 19 + (2 - 1) + 0?
15
Suppose -j = -5*q + 3224, 0 = -5*q + j - 5*j + 3229. Calculate the remainder when q is divided by 36.
33
Suppose 159 = k - 5*h + 44, 0 = -3*k + 3*h + 333. Let y = k - 90. Calculate the remainder when 56 is divided by y.
16
Suppose 63 + 5 = o. What is the remainder when o is divided by 18?
14
Let c(q) = -7*q**3 + 15*q**2 - 2*q + 1. Let a(i) = 4*i**3 - 8*i**2 + i. Let g(n) = 5*a(n) + 3*c(n). Calculate the remainder when 51 is divided by g(3).
15
Let s(k) = -2*k - 27. Let p be s(-16). Suppose -22 = -q + p*h, -5*q + 2*h + 16 + 2 = 0. Calculate the remainder when 2 is divided by q.
0
Let s = -293 - -397. Suppose -2*c - 54 = -3*c. Calculate the remainder when s is divided by c.
50
Suppose 11*z = 2*z - 549. Let d = z - -66. Calculate the remainder when 23 is divided by d.
3
Let h(f) = f**2 + 12*f - 231. What is the